d by 134.
132
What is the remainder when 1422044 is divided by 84?
8
Calculate the remainder when 28752438 is divided by 30.
18
What is the remainder when 268839515 is divided by 284?
3
Calculate the remainder when 3442836 is divided by 3442525.
311
What is the remainder when 9205 is divided by 2285?
65
Calculate the remainder when 239748166 is divided by 26.
8
Calculate the remainder when 303498 is divided by 101118.
144
What is the remainder when 86083 is divided by 273?
88
Calculate the remainder when 2393065 is divided by 3310.
3245
What is the remainder when 5989921 is divided by 16?
1
What is the remainder when 14655 is divided by 476?
375
Calculate the remainder when 4957673 is divided by 3213.
14
Calculate the remainder when 3516220 is divided by 3516215.
5
What is the remainder when 30353 is divided by 30289?
64
Calculate the remainder when 585316 is divided by 92.
12
What is the remainder when 78346 is divided by 3364?
974
What is the remainder when 173000 is divided by 629?
25
Calculate the remainder when 225927 is divided by 79.
66
Calculate the remainder when 227936 is divided by 872.
344
Calculate the remainder when 123677 is divided by 13697.
404
Calculate the remainder when 2309478 is divided by 415.
3
What is the remainder when 8861 is divided by 2264?
2069
What is the remainder when 375000 is divided by 6169?
4860
Calculate the remainder when 9718430 is divided by 38.
6
What is the remainder when 6962714 is divided by 3481353?
8
What is the remainder when 24616367 is divided by 264692?
11
What is the remainder when 186142 is divided by 16834?
968
What is the remainder when 1295604 is divided by 4546?
4540
What is the remainder when 147845 is divided by 48979?
908
What is the remainder when 141923 is divided by 750?
173
What is the remainder when 10239 is divided by 32?
31
Calculate the remainder when 473522 is divided by 128.
50
Calculate the remainder when 20481 is divided by 8079.
4323
Calculate the remainder when 245141 is divided by 245083.
58
What is the remainder when 137517440 is divided by 15?
5
Calculate the remainder when 26307506 is divided by 267.
263
What is the remainder when 6294092 is divided by 2848?
12
Calculate the remainder when 7652383 is divided by 425089.
781
What is the remainder when 1857899 is divided by 461?
69
What is the remainder when 2469011 is divided by 493796?
31
What is the remainder when 39031523 is divided by 54?
53
What is the remainder when 349421 is divided by 5211?
284
What is the remainder when 2723334 is divided by 2762?
2
Calculate the remainder when 831205 is divided by 118740.
25
What is the remainder when 155153 is divided by 11895?
518
Calculate the remainder when 73237136 is divided by 10462443.
35
What is the remainder when 3065322 is divided by 3065317?
5
What is the remainder when 1929579 is divided by 171?
15
Calculate the remainder when 25253893 is divided by 35.
28
Calculate the remainder when 1649279 is divided by 274879.
5
Calculate the remainder when 14081528 is divided by 21.
20
Calculate the remainder when 1649548 is divided by 549739.
331
What is the remainder when 1259248 is divided by 1320?
1288
Calculate the remainder when 3778458 is divided by 145.
48
Calculate the remainder when 202589 is divided by 268.
249
Calculate the remainder when 22900715 is divided by 18.
17
Calculate the remainder when 14856318 is divided by 10.
8
Calculate the remainder when 3700149 is divided by 100004.
1
Calculate the remainder when 52146518 is divided by 1119.
1118
Calculate the remainder when 517675225 is divided by 194.
193
What is the remainder when 104412 is divided by 51069?
2274
What is the remainder when 24363 is divided by 10968?
2427
What is the remainder when 94395 is divided by 45820?
2755
What is the remainder when 400037 is divided by 199976?
85
What is the remainder when 578333 is divided by 272?
61
What is the remainder when 1691973 is divided by 241707?
24
What is the remainder when 393660 is divided by 447?
300
What is the remainder when 10679596 is divided by 274?
172
Calculate the remainder when 194258 is divided by 38723.
643
What is the remainder when 76572 is divided by 25479?
135
What is the remainder when 4643362 is divided by 1547783?
13
Calculate the remainder when 1795440 is divided by 1795421.
19
What is the remainder when 79525 is divided by 1205?
1200
Calculate the remainder when 1956957 is divided by 4399.
3801
What is the remainder when 65749 is divided by 3850?
299
What is the remainder when 16321 is divided by 16108?
213
What is the remainder when 522474 is divided by 27498?
12
What is the remainder when 7226 is divided by 3305?
616
What is the remainder when 6107820 is divided by 891?
15
Calculate the remainder when 2057965 is divided by 705.
70
What is the remainder when 779891865 is divided by 252?
249
Calculate the remainder when 286811 is divided by 1157.
1032
Calculate the remainder when 5332344 is divided by 92.
24
Calculate the remainder when 15468987 is divided by 1185.
1182
Calculate the remainder when 369471683 is divided by 5093.
5091
Calculate the remainder when 13364473 is divided by 2227412.
1
Calculate the remainder when 3358319 is divided by 46003.
100
Calculate the remainder when 176054 is divided by 600.
254
Calculate the remainder when 157604 is divided by 2505.
2294
What is the remainder when 776975 is divided by 1425?
350
Calculate the remainder when 167027 is divided by 356.
63
Calculate the remainder when 777739 is divided by 21602.
67
What is the remainder when 212774536 is divided by 220?
216
What is the remainder when 93554798 is divided by 30?
8
Calculate the remainder when 1461165 is divided by 188.
29
Calculate the remainder when 529625 is divided by 367.
44
Calculate the remainder when 2840462 is divided by 61749.
8
What is the remainder when 298170 is divided by 4492?
1698
Calculate the remainder when 24225721 is divided by 237.
55
Calculate the remainder when 59908 is divided by 3106.
894
Calculate the remainder when 20395723 is divided by 7599.
7
Calculate the remainder when 124538634 is divided by 95.
94
What is the remainder when 66281 is divided by 253?
248
What is the remainder when 6639273 is divided by 96?
9
What is the remainder when 1568998 is divided by 3799?
11
What is the remainder when 3853237 is divided by 6390?
67
Calculate the remainder when 654529455 is divided by 969.
963
What is the remainder when 855016 is divided by 170995?
41
Calculate the remainder when 793169 is divided by 132183.
71
Calculate the remainder when 15574581 is divided by 129788.
21
Calculate the remainder when 777315 is divided by 194319.
39
Calculate the remainder when 19747933 is divided by 74.
71
What is the remainder when 253765 is divided by 103?
76
Calculate the remainder when 36851594 is divided by 6455.
6454
Calculate the remainder when 168947 is divided by 42234.
11
Calculate the remainder when 49374354 is divided by 49374344.
10
What is the remainder when 147030 is divided by 7597?
2687
What is the remainder when 75449136 is divided by 352566?
12
Calculate the remainder when 33558509 is divided by 510.
509
What is the remainder when 39065794 is divided by 2244?
2242
Calculate the remainder when 618574 is divided by 98.
96
Calculate the remainder when 680855277 is divided by 10.
7
What is the remainder when 1546270 is divided by 86?
76
What is the remainder when 231066603 is divided by 5162?
5159
What is the remainder when 1065057 is divided by 31325?
7
Calculate the remainder when 1522269 is divided by 539.
133
What is the remainder when 3266952 is divided by 83?
72
What is the remainder when 663804 is divided by 165947?
16
What is the remainder when 1107207 is divided by 168?
87
Calculate the remainder when 6173 is divided by 4199.
1974
Calculate the remainder when 3324467 is divided by 133.
132
Calculate the remainder when 32056 is divided by 1380.
316
What is the remainder when 11629464 is divided by 69?
66
What is the remainder when 9027211 is divided by 72800?
11
Calculate the remainder when 700635 is divided by 675.
660
Calculate the remainder when 1136650 is divided by 49.
46
Calculate the remainder when 1860761 is divided by 35104.
249
What is the remainder when 785081 is divided by 8821?
12
Calculate the 